t common factor of 52 and 226174.
26
What is the highest common factor of 450 and 207450?
450
Calculate the highest common divisor of 235725 and 825.
75
Calculate the highest common divisor of 20502 and 938.
134
What is the greatest common factor of 49 and 54733?
49
Calculate the highest common factor of 12 and 105846.
6
What is the greatest common divisor of 34309 and 22?
11
Calculate the highest common factor of 13 and 167128.
13
Calculate the greatest common divisor of 27 and 9195093.
27
Calculate the highest common factor of 825125 and 115.
115
What is the highest common factor of 250 and 1773500?
250
What is the greatest common divisor of 44 and 11066?
22
Calculate the greatest common divisor of 15159 and 815.
163
Calculate the highest common divisor of 544 and 137744.
16
Calculate the highest common divisor of 197420 and 470.
10
What is the greatest common factor of 513282 and 14883?
363
Calculate the highest common divisor of 40227 and 22770.
759
What is the greatest common divisor of 31405 and 253?
11
Calculate the highest common factor of 288995 and 10465.
805
Calculate the highest common divisor of 1183 and 44447.
169
What is the highest common divisor of 135966 and 153?
51
Calculate the highest common divisor of 72716 and 424.
212
What is the greatest common divisor of 385520 and 244?
244
What is the greatest common divisor of 630 and 1737?
9
What is the greatest common divisor of 225443 and 1493?
1493
What is the greatest common factor of 224 and 95456?
32
What is the highest common divisor of 56 and 33064?
8
What is the highest common divisor of 35035 and 24794?
539
What is the highest common factor of 13 and 83863?
13
Calculate the greatest common factor of 2290 and 640.
10
Calculate the greatest common factor of 269770 and 530.
530
What is the greatest common factor of 38378 and 7874?
62
Calculate the greatest common factor of 4109565 and 6.
3
Calculate the greatest common divisor of 312 and 193336.
104
What is the highest common factor of 110 and 35255?
55
Calculate the highest common factor of 112299 and 25707.
1353
What is the highest common divisor of 685 and 83707?
137
Calculate the greatest common divisor of 34983 and 2208.
69
What is the greatest common divisor of 128 and 313208?
8
Calculate the highest common factor of 1077 and 4635.
3
What is the greatest common divisor of 903 and 236887?
301
Calculate the highest common divisor of 3744 and 656.
16
What is the highest common divisor of 14877 and 28728?
513
What is the greatest common factor of 553 and 9895382?
553
Calculate the highest common divisor of 97 and 5456153.
97
Calculate the highest common divisor of 1473012 and 1656.
828
What is the highest common divisor of 8309 and 189?
7
What is the greatest common factor of 4 and 838?
2
What is the greatest common divisor of 514 and 442297?
257
What is the highest common divisor of 7980 and 11820?
60
What is the highest common divisor of 8 and 4510808?
8
Calculate the highest common divisor of 936 and 74776.
104
Calculate the highest common factor of 10 and 5155.
5
Calculate the greatest common divisor of 324428 and 16.
4
Calculate the highest common factor of 12416 and 485.
97
What is the greatest common factor of 288678 and 39?
39
Calculate the highest common divisor of 1352633 and 593.
593
What is the greatest common divisor of 233819 and 73?
73
Calculate the greatest common divisor of 32 and 12196.
4
What is the greatest common factor of 165 and 835131?
33
Calculate the highest common divisor of 200 and 11950.
50
What is the greatest common factor of 16 and 57080?
8
What is the greatest common divisor of 261 and 999?
9
What is the highest common factor of 918 and 1485?
27
What is the highest common factor of 2375 and 513?
19
Calculate the highest common divisor of 2235 and 77331.
447
What is the highest common factor of 4802 and 1582?
14
What is the greatest common divisor of 560 and 4552?
8
What is the greatest common divisor of 59458 and 548?
274
Calculate the highest common factor of 4066 and 1634.
38
Calculate the greatest common factor of 301311 and 45.
9
Calculate the highest common factor of 30645 and 155.
5
Calculate the greatest common factor of 2150 and 34830.
430
What is the greatest common factor of 1352 and 1599?
13
Calculate the greatest common factor of 321 and 134927.
107
What is the highest common factor of 711 and 45741?
237
What is the highest common divisor of 1460 and 2035970?
730
What is the highest common divisor of 152722 and 684?
38
What is the greatest common divisor of 240 and 1695?
15
What is the greatest common factor of 844 and 3726682?
422
Calculate the greatest common factor of 419 and 33939.
419
Calculate the greatest common divisor of 1235 and 11700.
65
What is the highest common factor of 1790622 and 310?
62
Calculate the greatest common factor of 3745320 and 1840.
920
What is the greatest common divisor of 7491450 and 150?
150
Calculate the greatest common divisor of 13775 and 90625.
725
What is the greatest common divisor of 1539352 and 634?
634
Calculate the highest common factor of 14 and 45409.
7
Calculate the highest common divisor of 124535 and 10.
5
What is the highest common factor of 784256 and 256?
128
Calculate the greatest common factor of 1036518 and 116.
58
Calculate the highest common divisor of 935 and 58718.
187
What is the greatest common factor of 77 and 415261?
77
What is the greatest common divisor of 50764 and 2997?
37
Calculate the greatest common divisor of 716224 and 1444.
1444
What is the greatest common divisor of 767 and 4706?
13
What is the highest common divisor of 27564 and 12?
12
Calculate the greatest common divisor of 4 and 176404.
4
Calculate the highest common divisor of 11 and 68167.
11
What is the greatest common factor of 31 and 5216?
1
Calculate the greatest common factor of 33 and 30063.
33
Calculate the highest common factor of 189 and 580581.
27
What is the greatest common factor of 544 and 95336?
136
Calculate the highest common divisor of 106965 and 135.
45
What is the highest common divisor of 16 and 20264?
8
Calculate the highest common factor of 87400 and 7448.
152
Calculate the greatest common divisor of 17 and 5084479.
17
Calculate the greatest common divisor of 6767 and 5293.
67
What is the highest common factor of 14654 and 646?
34
What is the greatest common divisor of 56 and 768?
8
What is the highest common divisor of 228 and 91086?
114
Calculate the greatest common divisor of 296 and 386872.
296
What is the greatest common divisor of 7035 and 1750?
35
Calculate the greatest common divisor of 35 and 4360.
5
Calculate the greatest common divisor of 319 and 391633.
11
Calculate the highest common divisor of 5876 and 9379.
113
Calculate the greatest common factor of 96 and 377376.
96
What is the highest common divisor of 25320 and 48120?
120
Calculate the greatest common divisor of 367696 and 8576.
1072
What is the greatest common factor of 2395798 and 458?
458
What is the highest common divisor of 312886 and 42?
14
What is the greatest common factor of 17568 and 427?
61
Calculate the greatest common factor of 741 and 23313.
57
What is the highest common factor of 640 and 74600?
40
What is the greatest common factor of 11600 and 10904?
232
What is the greatest common divisor of 88217 and 19?
19
What is the greatest common factor of 4057609 and 479?
479
What is the greatest common factor of 4990822 and 1362?
454
What is the greatest common factor of 32 and 133924?
4
Calculate the greatest common divisor of 72954 and 81.
27
Calculate the highest common divisor of 469 and 50719.
67
Calculate the highest common divisor of 15701876 and 607.
607
Calculate the greatest common factor of 700485 and 60.
15
What is the highest common divisor of 45732 and 36?
12
What is the greatest common divisor of 78 and 55328?
26
What is the greatest common divisor of 3128 and 48392?
184
Calculate the highest common factor of 256 and 89824.
32
Calculate the greatest common divisor of 111 and 81.
3
What is the greatest common divisor of 180 and 527076?
36
What is the greatest common factor of 947117 and 46?
23
Calculate the highest common divisor of 2746578 and 678.
678
What is the highest common divisor of 1207 and 8023?
71
What is the greatest commo